{"id":1205,"date":"2026-03-09T16:18:11","date_gmt":"2026-03-09T13:18:11","guid":{"rendered":"https:\/\/iitee.org\/?page_id=1205"},"modified":"2026-03-09T16:25:12","modified_gmt":"2026-03-09T13:25:12","slug":"haberler","status":"publish","type":"page","link":"https:\/\/iitee.org\/?page_id=1205","title":{"rendered":"Haberler"},"content":{"rendered":"\n<div class=\"wp-block-query is-layout-flow wp-block-query-is-layout-flow\"><ul class=\"wp-block-post-template is-layout-flow wp-block-post-template-is-layout-flow\"><li class=\"wp-block-post post-1211 post type-post status-publish format-standard has-post-thumbnail hentry category-editor-secimi category-haberler category-village\">\n\n<div class=\"wp-block-columns are-vertically-aligned-center is-layout-flex wp-container-core-columns-is-layout-28f84493 wp-block-columns-is-layout-flex\">\n<div class=\"wp-block-column is-vertically-aligned-center is-layout-flow wp-block-column-is-layout-flow\" style=\"flex-basis:25%\"><figure class=\"wp-block-post-featured-image\"><a href=\"https:\/\/iitee.org\/?p=1211\" target=\"_self\"  ><img loading=\"lazy\" decoding=\"async\" width=\"863\" height=\"527\" src=\"https:\/\/iitee.org\/wp-content\/uploads\/2026\/03\/VILLAGE-projesi-1-1.jpg\" class=\"attachment-post-thumbnail size-post-thumbnail wp-post-image\" alt=\"E\u00dc taraf\u0131ndan y\u00fcr\u00fct\u00fclen uluslararas\u0131 \u201cVILLAGE\u201d projesi \u00e7\u0131kt\u0131lar\u0131n\u0131 vermeye ba\u015flad\u0131\" style=\"object-fit:cover;\" srcset=\"https:\/\/iitee.org\/wp-content\/uploads\/2026\/03\/VILLAGE-projesi-1-1.jpg 863w, https:\/\/iitee.org\/wp-content\/uploads\/2026\/03\/VILLAGE-projesi-1-1-300x183.jpg 300w, https:\/\/iitee.org\/wp-content\/uploads\/2026\/03\/VILLAGE-projesi-1-1-768x469.jpg 768w\" sizes=\"auto, (max-width: 863px) 100vw, 863px\" \/><\/a><\/figure><\/div>\n\n\n\n<div class=\"wp-block-column is-vertically-aligned-center is-layout-flow wp-block-column-is-layout-flow\" style=\"flex-basis:75%\"><h2 class=\"wp-block-post-title\"><a href=\"https:\/\/iitee.org\/?p=1211\" target=\"_self\" >E\u00dc taraf\u0131ndan y\u00fcr\u00fct\u00fclen uluslararas\u0131 \u201cVILLAGE\u201d projesi \u00e7\u0131kt\u0131lar\u0131n\u0131 vermeye ba\u015flad\u0131<\/a><\/h2><\/div>\n<\/div>\n\n<\/li><li class=\"wp-block-post post-1202 post type-post status-publish format-standard has-post-thumbnail hentry category-editor-secimi category-haberler category-village\">\n\n<div class=\"wp-block-columns are-vertically-aligned-center is-layout-flex wp-container-core-columns-is-layout-28f84493 wp-block-columns-is-layout-flex\">\n<div class=\"wp-block-column is-vertically-aligned-center is-layout-flow wp-block-column-is-layout-flow\" style=\"flex-basis:25%\"><figure class=\"wp-block-post-featured-image\"><a href=\"https:\/\/iitee.org\/?p=1202\" target=\"_self\"  ><img loading=\"lazy\" decoding=\"async\" width=\"863\" height=\"527\" src=\"https:\/\/iitee.org\/wp-content\/uploads\/2026\/03\/VILLAGE-projesi-.jpg\" class=\"attachment-post-thumbnail size-post-thumbnail wp-post-image\" alt=\"\u201cVILLAGE\u201d projesi \u00e7\u0131kt\u0131lar\u0131n\u0131 vermeye ba\u015flad\u0131\" style=\"object-fit:cover;\" srcset=\"https:\/\/iitee.org\/wp-content\/uploads\/2026\/03\/VILLAGE-projesi-.jpg 863w, https:\/\/iitee.org\/wp-content\/uploads\/2026\/03\/VILLAGE-projesi--300x183.jpg 300w, https:\/\/iitee.org\/wp-content\/uploads\/2026\/03\/VILLAGE-projesi--768x469.jpg 768w\" sizes=\"auto, (max-width: 863px) 100vw, 863px\" \/><\/a><\/figure><\/div>\n\n\n\n<div class=\"wp-block-column is-vertically-aligned-center is-layout-flow wp-block-column-is-layout-flow\" style=\"flex-basis:75%\"><h2 class=\"wp-block-post-title\"><a href=\"https:\/\/iitee.org\/?p=1202\" target=\"_self\" >\u201cVILLAGE\u201d projesi \u00e7\u0131kt\u0131lar\u0131n\u0131 vermeye ba\u015flad\u0131<\/a><\/h2><\/div>\n<\/div>\n\n<\/li><li class=\"wp-block-post post-1187 post type-post status-publish format-standard has-post-thumbnail hentry category-editor-secimi category-haberler category-one-cikanlar category-village\">\n\n<div class=\"wp-block-columns are-vertically-aligned-center is-layout-flex wp-container-core-columns-is-layout-28f84493 wp-block-columns-is-layout-flex\">\n<div class=\"wp-block-column is-vertically-aligned-center is-layout-flow wp-block-column-is-layout-flow\" style=\"flex-basis:25%\"><figure class=\"wp-block-post-featured-image\"><a href=\"https:\/\/iitee.org\/?p=1187\" target=\"_self\"  ><img loading=\"lazy\" decoding=\"async\" width=\"2560\" height=\"1396\" src=\"https:\/\/iitee.org\/wp-content\/uploads\/2026\/03\/Gemini_Generated_Image_xw3g9xw3g9xw3g9x-1-scaled.png\" class=\"attachment-post-thumbnail size-post-thumbnail wp-post-image\" alt=\"Sample\" style=\"object-fit:cover;\" srcset=\"https:\/\/iitee.org\/wp-content\/uploads\/2026\/03\/Gemini_Generated_Image_xw3g9xw3g9xw3g9x-1-scaled.png 2560w, https:\/\/iitee.org\/wp-content\/uploads\/2026\/03\/Gemini_Generated_Image_xw3g9xw3g9xw3g9x-1-300x164.png 300w, https:\/\/iitee.org\/wp-content\/uploads\/2026\/03\/Gemini_Generated_Image_xw3g9xw3g9xw3g9x-1-768x419.png 768w, https:\/\/iitee.org\/wp-content\/uploads\/2026\/03\/Gemini_Generated_Image_xw3g9xw3g9xw3g9x-1-1536x838.png 1536w, https:\/\/iitee.org\/wp-content\/uploads\/2026\/03\/Gemini_Generated_Image_xw3g9xw3g9xw3g9x-1-2048x1117.png 2048w\" sizes=\"auto, (max-width: 2560px) 100vw, 2560px\" \/><\/a><\/figure><\/div>\n\n\n\n<div class=\"wp-block-column is-vertically-aligned-center is-layout-flow wp-block-column-is-layout-flow\" style=\"flex-basis:75%\"><h2 class=\"wp-block-post-title\"><a href=\"https:\/\/iitee.org\/?p=1187\" target=\"_self\" >Sample<\/a><\/h2><\/div>\n<\/div>\n\n<\/li><\/ul><\/div>\n","protected":false},"excerpt":{"rendered":"","protected":false},"author":1,"featured_media":0,"parent":0,"menu_order":0,"comment_status":"closed","ping_status":"closed","template":"","meta":{"footnotes":""},"class_list":["post-1205","page","type-page","status-publish","hentry"],"_links":{"self":[{"href":"https:\/\/iitee.org\/index.php?rest_route=\/wp\/v2\/pages\/1205","targetHints":{"allow":["GET"]}}],"collection":[{"href":"https:\/\/iitee.org\/index.php?rest_route=\/wp\/v2\/pages"}],"about":[{"href":"https:\/\/iitee.org\/index.php?rest_route=\/wp\/v2\/types\/page"}],"author":[{"embeddable":true,"href":"https:\/\/iitee.org\/index.php?rest_route=\/wp\/v2\/users\/1"}],"replies":[{"embeddable":true,"href":"https:\/\/iitee.org\/index.php?rest_route=%2Fwp%2Fv2%2Fcomments&post=1205"}],"version-history":[{"count":2,"href":"https:\/\/iitee.org\/index.php?rest_route=\/wp\/v2\/pages\/1205\/revisions"}],"predecessor-version":[{"id":1210,"href":"https:\/\/iitee.org\/index.php?rest_route=\/wp\/v2\/pages\/1205\/revisions\/1210"}],"wp:attachment":[{"href":"https:\/\/iitee.org\/index.php?rest_route=%2Fwp%2Fv2%2Fmedia&parent=1205"}],"curies":[{"name":"wp","href":"https:\/\/api.w.org\/{rel}","templated":true}]}}